t q be k/(-21)*-7 - (2 + -46). Calculate the greatest common divisor of q and 46.
46
Let s(b) = 59*b - 41. Let r be s(3). Let h = 140 - r. What is the highest common divisor of 42 and h?
2
Suppose 98*q - 101*q = 489. Let f = -159 - q. What is the highest common factor of 164 and f?
4
Let k be 30/(-5)*((-50)/(-4) - -1). Let o be k/648 + 897/8. Calculate the greatest common factor of o and 144.
16
Let c = -428 + 112. Let m = 406 + c. Calculate the highest common divisor of 225 and m.
45
Let m be (9/2)/(12/112). Calculate the greatest common divisor of 1106 and m.
14
Suppose 3*s + 233 - 1142 = 0. Suppose 0 = -l + 5*t + 60, 0 = -3*l + 7*l + t - s. What is the highest common factor of 12 and l?
3
Let q be (1596/(-70))/(4/(-10)). Suppose u - 801 - q = 0. Calculate the greatest common divisor of u and 39.
39
Let g be (-208)/416 - 191/(-2). What is the greatest common factor of 11970 and g?
95
Let t(c) = -8*c**2 + 44*c - 157. Let k be t(4). Let l = 59 - k. What is the greatest common divisor of l and 42?
42
Let s = -250 - -216. Let z be 8*(s/16)/(9/(-18)). What is the greatest common divisor of z and 221?
17
Let q(d) = d**2 - d + 57. Let v be q(0). Let g = v - 31. Suppose 0 = 2*p + 5*i - 31, i - 3*i - g = -4*p. What is the greatest common divisor of 64 and p?
8
Let o(i) = 5*i + 20. Suppose 2 = 3*k + 4*a - 5*a, -a = 5. Let n be o(k). What is the highest common divisor of 285 and n?
15
Suppose 2*z + 2475 = 7*z. Let r(f) = 64*f - 1314. Let l be r(21). What is the greatest common divisor of z and l?
15
Let v(m) = -m**3 + 9*m**2 + 38*m - 11. Let k be v(-4). What is the greatest common factor of 387 and k?
9
Suppose 0 = 2*w - 7*w + 420. Suppose 4*a + 3*c = 115, -3107*a + 3105*a - 4*c = -60. What is the highest common divisor of w and a?
28
Suppose -2*t + 150 = 5*a, 3*t - 30 + 15 = 0. What is the greatest common factor of 6216 and a?
28
Let g be ((-4)/(-5))/((-891)/(-885) + -1). Calculate the greatest common factor of 2 and g.
2
Let c be 8 + (-150)/20 + (-4)/(16/(-334)). Calculate the greatest common divisor of 287 and c.
7
Let q = -5190 + 5524. What is the greatest common divisor of q and 10?
2
Let m(c) = 3*c**3 - 6*c**2 + 7*c - 4. Let g = 45 + -74. Let q = g - -33. Let w be m(q). What is the highest common divisor of 12 and w?
12
Let y = 18600 + -17888. What is the highest common factor of y and 623?
89
Suppose 5 = -y + 9. Suppose -187 = -5*b - y*s, 0*s + 2*s - 76 = -2*b. Suppose -23*j = -28*j + b. What is the highest common factor of j and 14?
7
Let p = -4059 - -4295. Calculate the highest common divisor of 8 and p.
4
Let d = 7593 + -5057. Calculate the highest common factor of d and 8.
8
Suppose 18*k - 8 = -5*z + 20*k, 3*z - 4 = 2*k. Suppose -3*j = -z*j - 52. Calculate the greatest common factor of 104 and j.
52
Let j be (-1413)/15*10*(-20 - -19). What is the greatest common divisor of 114 and j?
6
Let l(s) = 4*s**2 - 5*s - 3. Let t be l(5). Suppose -85*b + 2816 - 408 + 1672 = 0. Calculate the highest common divisor of b and t.
24
Let z(j) = -4*j - 6. Let b be z(-6). Suppose 34*q = 36*q - 30. Suppose 0 = -3*v + q, 5*v + 114 = 2*c - 149. What is the greatest common divisor of c and b?
18
Suppose 4*s + 78429 = 3*q, -11*s = 3*q - 5*q + 52236. What is the greatest common divisor of q and 138?
69
Suppose -5*l = 25, 0 = -2*x - l + 3291 + 7962. What is the highest common divisor of 13 and x?
13
Let k(o) = o**3 + 4*o**2 - 4*o + 6. Let g be k(-4). Suppose 17 = 3*i - g. Calculate the highest common factor of i and 13.
13
Let u = 12 + -158. Let x = -142 - u. Suppose 5*b - 6 = x*b. What is the greatest common factor of 9 and b?
3
Suppose 2*i - 101 = -5*b - 6, -125 = -4*i + 3*b. Calculate the highest common divisor of 1743 and i.
7
Let a(v) = 29*v - 1566. Let q be a(65). Let l = -3 - -3. Suppose t + l*t = 29. What is the highest common factor of t and q?
29
Suppose -170*s - 195*s + 109607 + 2813 = 0. Calculate the highest common factor of s and 434.
14
Let z be (-105)/(-3)*(-10)/25*-2. Let d be (z/6)/((-16)/(-3) + -5). Let t be (-49)/(3*1/(-6)). Calculate the highest common divisor of d and t.
14
Let d(u) = -5*u + 11. Let g be d(-3). Suppose -2*s + 294 + g = 0. What is the highest common factor of 280 and s?
40
Suppose 0 = -2*s + 3*x - 0*x + 190, 5*s - 3*x - 457 = 0. Let g = -86 + s. What is the greatest common divisor of g and 51?
3
Suppose g = -o - 0 + 7, 4*g - 23 = -3*o. Let u(p) = 4*p**3 - 3*p + 3. Let n be u(g). What is the greatest common factor of n and 319?
29
Let g = 721 + -662. What is the highest common factor of 295 and g?
59
Suppose 2*l - 4*l = -20. Suppose 2*y - 257 = 3*d, -8*d = -3*y + 412 + 5. What is the greatest common factor of l and y?
5
Suppose 4*a - 11*a + 17*a = 0. Suppose 4*m - 4*f - 168 = a, -m + 23 = -2*f - 24. What is the highest common divisor of 703 and m?
37
Let b be (-3 + -3 + 3 + 2)*1. Let f(k) = 38*k**2 + 2*k + 1. Let t be f(b). Let z = -26 + t. What is the greatest common factor of 44 and z?
11
Suppose 882 - 797 = y. Calculate the highest common divisor of 295 and y.
5
Let y(j) = 850*j - 1624. Let n be y(2). Calculate the highest common factor of 2983 and n.
19
Let b be (7 - 2) + (-1 - 61). Let w = b + 61. What is the highest common factor of w and 16?
4
Suppose -5*n + 6*g - 8*g = -7967, -2*n + g + 3176 = 0. What is the highest common divisor of 111 and n?
37
Let v = -8838 + 9348. Let w(c) = 14*c + 2. Let i be w(2). Calculate the highest common factor of i and v.
30
Suppose 11*w - 8*w = 4*c + 25274, 5*w - 42105 = 3*c. What is the highest common factor of w and 1104?
138
Let w be (-7 + 19)*(-1050)/20*(-1 - 2). What is the highest common divisor of w and 140?
70
Let q be (-1 - 4/(-10))*(-48 - -3). Suppose -q*t + 550 = -17*t. What is the greatest common divisor of 715 and t?
55
Let u = 52 - 51. Let s be 3*4*(-3)/(-18) + u. Suppose -6 + 33 = s*o. Calculate the highest common factor of 1 and o.
1
Suppose 5*m = 2*i + 433, -6*m + 10*m - 368 = -2*i. Calculate the greatest common factor of m and 4183.
89
Let t(k) = -k - 1. Let j(p) = -17*p + 16. Let i(w) = j(w) - 3*t(w). Let b be i(-7). Suppose 4*v = -b + 177. Calculate the greatest common divisor of 45 and v.
15
Suppose -129*i + 138570 = 20*i. What is the highest common factor of 690 and i?
30
Let m be (-357)/(-49) + (-6)/21. Suppose m*z - 4335 = -1332. Calculate the highest common divisor of z and 39.
39
Suppose 555*c - 549*c + 2790 = 0. Let p = 548 + c. What is the greatest common divisor of 1079 and p?
83
Let z be -1 + 6/3 + (-343)/7. Let l be z/(-9) - (2 + (-24)/9). Suppose 0 = -5*u - l*u + 572. Calculate the highest common factor of u and 13.
13
Let c(n) = -188*n**2 - n. Let i be c(1). Let f be 120 - 64/288*18/4. Let r = f - i. What is the highest common factor of r and 28?
28
Suppose -22 = -51*h + 1559. What is the greatest common divisor of 403 and h?
31
Suppose 201 + 167 = 268*r - 1776. Calculate the greatest common factor of 772 and r.
4
Suppose -4*j + 45 = 545. Let i = j - -143. Calculate the highest common factor of 6 and i.
6
Suppose -1 = g, -3*t + t + g = -68615. Suppose -4*a + t = 25*a. What is the highest common divisor of a and 91?
91
Let q = -21 - -53. Let m be ((-768)/10)/(17 + (-173)/10). What is the highest common divisor of m and q?
32
Suppose 5*z = -25, -8*m = -3*m + z - 85. Let o = -1820 - -1838. What is the greatest common factor of o and m?
18
Let w = 10334 - 8934. What is the greatest common factor of w and 1820?
140
Let a = 56 - 40. Suppose -4*n + 342 = -490. Calculate the greatest common factor of n and a.
16
Let r be 2/(-7) + -1*2/(-7). Suppose -2*w - 4*s + 56 = r, 2*w = -0*w - s + 44. What is the highest common factor of w and 10?
10
Let r = 0 + 73. Let i = 87 - r. What is the highest common factor of i and 350?
14
Let r be 2/((7 + (-65)/10)/(28/8)). Calculate the highest common divisor of r and 8162.
14
Suppose -715*u + t - 241 = -720*u, 37 = u + 3*t. Suppose -x + 108 = 3*n, 3*x + 61 = 4*n - 2*n. What is the greatest common divisor of n and u?
7
Suppose -5*g + 11479 = 4*w + 303, -3*w - g = -8382. What is the highest common factor of 1143 and w?
127
Suppose -5*w - 2*q = -42, -5*w - 30*q = -27*q - 43. Let i be (4 - (8 + -2))*(-12)/w. Calculate the highest common divisor of 45 and i.
3
Let n(a) = 19*a**2 + 261*a - 3. Let x be n(-14). What is the highest commo